at is the greatest common divisor of j and 27?
27
Let t(d) be the first derivative of d**3 + 2*d**2 - 6*d - 23. Let k be t(3). Calculate the greatest common divisor of k and 33.
33
Let k(b) = -3*b**2 - 3*b + 6. Let t be k(-3). Let y be (-1 + -5)/(-2*t/(-208)). Calculate the highest common divisor of 156 and y.
52
Let s(h) = 7*h + 9. Let t(m) = 9*m + 10. Let c(l) = -7*s(l) + 6*t(l). Let i be c(2). Calculate the greatest common factor of 49 and i.
7
Suppose 3*b - 4*v - 57 = 0, -15*b + 11*b + 3*v + 83 = 0. Calculate the greatest common factor of b and 207.
23
Suppose 2*v + 5*d + 56 = 0, 62 - 226 = 4*v - 3*d. Let q = v - -58. Calculate the highest common divisor of q and 30.
10
Let l(i) = i**2 + 4*i - 12. Let f be l(-7). Calculate the greatest common divisor of 63 and f.
9
Let h = 110 - 112. Suppose 0 = 3*v - 2 - 10. Let t be 1*(h - -11 - v). Calculate the greatest common divisor of 2 and t.
1
Let i(t) = t**2 - 10*t + 18. Let m be i(9). Let g = 251 + -152. What is the greatest common divisor of m and g?
9
Let k(c) = c**3 - 8*c**2 + 11*c - 16. Let v be k(7). Let g = -67 + 121. Suppose 0*d + g = 3*d. What is the highest common divisor of v and d?
6
Let p = -104 - -212. Let a(x) = -x**2 + 12*x - 15. Suppose -3*h = -39 + 12. Let d be a(h). What is the greatest common factor of d and p?
12
Suppose 12*k - 4*k + 224 = 0. Let q = 30 + k. Suppose -3*u + u + 5 = a, 1 = a - q*u. What is the greatest common factor of 6 and a?
3
Let j = 373 + -317. What is the highest common factor of 14 and j?
14
Let v = -10 + 15. Suppose 58*j - 212 = 6*j + 1608. What is the highest common divisor of v and j?
5
Let j be (2/(-3))/((-4)/30). Let i(o) = -5*o - j*o**2 + 3 - o**3 - 7 - 2*o + o. Let u be i(-5). What is the highest common factor of 13 and u?
13
Suppose -175*o = -161*o - 40320. What is the highest common factor of 120 and o?
120
Let l(r) = -4*r + 73. Let p be l(10). Let d = 4 + 7. What is the highest common factor of p and d?
11
Let j = -2 - -5. Suppose -2*l - j*u = -18, -5*l = -4*u + u - 45. Let r = 58 + -49. Calculate the greatest common divisor of l and r.
9
Let h be ((-1)/2)/(6/(-60)). Suppose p = -h*a + 8, -3*p = 2*a + 3*a - 44. Let r(i) = 36*i. Let l be r(4). Calculate the highest common divisor of p and l.
18
Let l = 31 + -7. Let b be (64/l)/((-1)/(-24)). What is the highest common divisor of 8 and b?
8
Let n = -2487 + 2518. Let z(i) = 2*i**3 - i**2 + 5*i - 2. Let p be z(5). Calculate the greatest common divisor of p and n.
31
Let o be (-72)/(474/486 - 1). Calculate the greatest common divisor of o and 36.
36
Let j be ((-16)/48)/(-1*1)*210. Let g = -2 - -4. Suppose -35 = -g*n - 5*y, 3*n = -y - 3 + 36. What is the highest common factor of n and j?
10
Let s(z) = -10*z + 116. Let h be s(0). Calculate the greatest common factor of 29 and h.
29
Let b be (19 - 3) + 4/(-4). Let d be b*1/((-10)/(-48)). What is the highest common factor of 9 and d?
9
Let r = 276 - -704. What is the highest common factor of 20 and r?
20
Let x = -5 - -5. Suppose -39 = -x*l - l. Suppose 9*d - 38 = 79. Calculate the greatest common divisor of d and l.
13
Let l(a) = a**2 - 5*a + 8. Let w be l(2). Calculate the greatest common divisor of w and 62.
2
Suppose 129 - 450 = -3*y. Let f = -68 + y. Calculate the highest common divisor of f and 429.
39
Suppose -2*p - 2*c + 4 = 0, 0 = -0*p - 5*p + c + 4. Let z(k) = 10*k - 1. Let v be z(p). What is the greatest common divisor of v and 126?
9
Let s(g) = 6*g - 6. Let d be s(-3). Let y = 25 + d. Let f be 2/y*1 + 15. What is the highest common factor of f and 17?
17
Let z(q) = -12*q - 4. Let a be z(-4). Let j(y) = y + 8. Let b be ((-16)/(-6))/(10/(-15)). Let h be j(b). Calculate the highest common divisor of h and a.
4
Suppose 2*b = 3*n + 70 + 65, 2*b - 5*n - 141 = 0. Calculate the highest common factor of b and 210.
21
Let q = -100 + 157. Let i = -33 + q. What is the greatest common factor of i and 6?
6
Let d be 9 + 44 - (-2 - -5). Calculate the highest common factor of 30 and d.
10
Let p = 151 + -138. Let i = 6 + -1. Suppose -3*t + 10 = l - 6*t, -63 = -i*l + 2*t. What is the greatest common divisor of l and p?
13
Let j = -189 + 201. Let h(o) = -o + 18. Let m be h(0). What is the greatest common factor of j and m?
6
Let r = -917 + 956. Suppose 6*k - 468 = 2*k. Calculate the highest common divisor of k and r.
39
Let k(c) = c**3 + c**2 + 9*c - 23. Let n be k(4). Let l(r) = -r**3 + 9*r**2 + 7*r - 1. Let f be l(9). What is the greatest common factor of f and n?
31
Let t = -14 + 54. Suppose -12 + 3 = -q + g, -5*q + t = -4*g. Calculate the highest common divisor of q and 36.
4
Let l = -842 - -854. Calculate the highest common factor of l and 276.
12
Suppose 3*j + o - 42 - 7 = 0, 3*j - 5*o - 43 = 0. Let g(l) = -14*l**2 - 14*l**2 + 27*l**2 + j*l. Let t be g(14). What is the highest common factor of 7 and t?
7
Let u(v) = -v + 7. Let s be u(7). Suppose s = 15*o - 11*o - 280. What is the highest common divisor of 10 and o?
10
Suppose -4*h + 3379 - 3187 = 0. What is the greatest common divisor of h and 48?
48
Let r = -6 - -6. Let u be -2 + r - -3 - -2. Suppose 68 + 73 = 2*i + c, -204 = -u*i + c. What is the greatest common divisor of 23 and i?
23
Suppose -l + 7 = j, -49 = 5*j - 7*j + 5*l. Calculate the highest common divisor of 8 and j.
4
Let t = 110 + -66. Let d = -468 - -672. Let i = d + t. Calculate the highest common factor of 31 and i.
31
Suppose -12 = -4*n - 4. Calculate the greatest common divisor of n and 158.
2
Suppose 13 = -0*w + w. Let n be 2 + 0/(-2) + -207. Let l = n + 309. Calculate the highest common factor of l and w.
13
Let o(r) = r**2 + 4*r - 3. Let b be o(-5). Suppose 2*m + 66 = 4*x, 7 = x - b*m - 2. What is the greatest common divisor of 209 and x?
19
Suppose -6 = 3*q - 2*o + 3, -q + o - 3 = 0. Let b be (54/45)/(q/(-10)). Let l be (6/(-4))/(b/(-792)). Calculate the highest common divisor of 27 and l.
27
Let b(o) = o**3 - 13*o**2 - 11*o. Let y(t) = -3*t - 31. Let i be y(-15). Let m be b(i). Calculate the greatest common factor of 14 and m.
14
Let a = -23 - -24. Let k be (-231)/4*(a - (8 + -3)). What is the highest common divisor of 21 and k?
21
Let r = 265 - 233. Calculate the highest common divisor of 2 and r.
2
Suppose 0 = 2*y + g - 156, 5*y - 5*g - 389 = 1. What is the greatest common divisor of y and 1170?
78
Let x(b) be the third derivative of b**6/120 - b**5/12 - 7*b**4/24 + 2*b**3 + 4*b**2. Let c be x(6). What is the highest common divisor of 54 and c?
6
Let i(c) = 5*c**2 + 2*c - 4. Let b be i(-4). Calculate the highest common factor of 4 and b.
4
Suppose -18 = -4*v + 6. Let s = v + -3. Let o be 1200/(-9)*s/(-2). What is the greatest common divisor of 25 and o?
25
Let j(a) = -2*a**2 - 13*a - 3. Let x be j(-6). Suppose 2*c + 3*z = -2*z + 23, 5*z - 3 = x*c. What is the greatest common factor of 2 and c?
2
Let s be (-52)/(-8)*1*4. Suppose -2*q - 117 = 3*r - 819, q = 5*r - 1170. What is the greatest common factor of r and s?
26
Let q(z) = z**2 + 6*z - 13. Let m be q(-8). Suppose -30 = -m*k + 6. Calculate the greatest common divisor of k and 4.
4
Let b(p) = 76*p**3 + p**2 + p - 1. Let f be b(1). Let l be (12/(-16))/((-1)/(-8)). Let h be (-4)/l + 304/48. Calculate the greatest common divisor of h and f.
7
Let v = 1 - -5. Let a be (v/4)/((-11)/(-528)). Let t = 125 + -77. What is the highest common divisor of a and t?
24
Let h be (52/(-3))/((-3)/(-9)). Let d = 47 - h. Let r be d/(-44)*8/(-3). Calculate the highest common divisor of r and 12.
6
Let y be 0 + (14/5)/((-2)/(-5)) - -77. Suppose -3*d = 2*d - 105. What is the greatest common divisor of y and d?
21
Let l be 3*(-6 + 195/9). Calculate the highest common factor of 376 and l.
47
Let o be (0 - 2)*6*-3. Let p(a) = -a**3 + 6*a**2 + 2*a. Let k be p(6). What is the highest common factor of o and k?
12
Let h(x) = 2*x**2 + 4*x + 6. Let c be h(-4). Suppose -54*m - 5176 = -18244. What is the greatest common divisor of m and c?
22
Let c be (55/(-20))/(-11) - (-222)/8. Suppose 2*b - c = 116. Calculate the greatest common divisor of b and 48.
24
Let m = 58 - 25. Calculate the greatest common divisor of m and 33.
33
Let q be (-1896)/(-32)*4 - 12. Calculate the greatest common factor of q and 60.
15
Let j be ((-1)/6*8)/(2/1011). Let q be 2/24*-3 - j/8. What is the highest common divisor of q and 21?
21